{"id":1637,"date":"2022-06-27T13:49:25","date_gmt":"2022-06-27T16:49:25","guid":{"rendered":"https:\/\/feiplar.com\/Presencial\/?page_id=1637"},"modified":"2022-06-27T14:08:15","modified_gmt":"2022-06-27T17:08:15","slug":"saneamento","status":"publish","type":"page","link":"https:\/\/feiplar.com\/Presencial\/saneamento\/","title":{"rendered":"Painel Saneamento B\u00e1sico"},"content":{"rendered":"\t\t<div data-elementor-type=\"wp-page\" data-elementor-id=\"1637\" class=\"elementor elementor-1637\" data-elementor-post-type=\"page\">\n\t\t\t\t\t\t<section class=\"elementor-section elementor-top-section elementor-element elementor-element-6d9b4be6 elementor-section-full_width elementor-section-stretched elementor-section-height-default elementor-section-height-default wpr-particle-no wpr-jarallax-no wpr-parallax-no wpr-sticky-section-no\" data-id=\"6d9b4be6\" data-element_type=\"section\" data-e-type=\"section\" data-settings=\"{&quot;stretch_section&quot;:&quot;section-stretched&quot;}\">\n\t\t\t\t\t\t<div class=\"elementor-container elementor-column-gap-default\">\n\t\t\t\t\t<div class=\"elementor-column elementor-col-50 elementor-top-column elementor-element elementor-element-5f76813c\" data-id=\"5f76813c\" data-element_type=\"column\" data-e-type=\"column\">\n\t\t\t<div class=\"elementor-widget-wrap elementor-element-populated\">\n\t\t\t\t\t\t<div class=\"elementor-element elementor-element-4423fe5b elementor--h-position-center elementor--v-position-middle elementor-arrows-position-inside elementor-pagination-position-inside elementor-widget elementor-widget-slides\" data-id=\"4423fe5b\" data-element_type=\"widget\" data-e-type=\"widget\" data-settings=\"{&quot;navigation&quot;:&quot;both&quot;,&quot;autoplay&quot;:&quot;yes&quot;,&quot;pause_on_hover&quot;:&quot;yes&quot;,&quot;pause_on_interaction&quot;:&quot;yes&quot;,&quot;autoplay_speed&quot;:5000,&quot;infinite&quot;:&quot;yes&quot;,&quot;transition&quot;:&quot;slide&quot;,&quot;transition_speed&quot;:500}\" data-widget_type=\"slides.default\">\n\t\t\t\t<div class=\"elementor-widget-container\">\n\t\t\t\t\t\t\t\t\t<div class=\"elementor-swiper\">\n\t\t\t\t\t<div class=\"elementor-slides-wrapper elementor-main-swiper swiper\" role=\"region\" aria-roledescription=\"carousel\" aria-label=\"Slides\" dir=\"ltr\" data-animation=\"fadeInUp\">\n\t\t\t\t<div class=\"swiper-wrapper elementor-slides\">\n\t\t\t\t\t\t\t\t\t\t<div class=\"elementor-repeater-item-d86d5cf swiper-slide\" role=\"group\" aria-roledescription=\"slide\"><div class=\"swiper-slide-bg\" role=\"img\"><\/div><a class=\"swiper-slide-inner\" href=\"https:\/\/www.covestro.com\/\" target=\"_blank\"><div class=\"swiper-slide-contents\"><\/div><\/a><\/div><div class=\"elementor-repeater-item-744ca57 swiper-slide\" role=\"group\" aria-roledescription=\"slide\"><div class=\"swiper-slide-bg\" role=\"img\"><\/div><a class=\"swiper-slide-inner\" href=\"https:\/\/www.owenscorning.com\/\" target=\"_blank\"><div class=\"swiper-slide-contents\"><\/div><\/a><\/div><div class=\"elementor-repeater-item-c396f55 swiper-slide\" role=\"group\" aria-roledescription=\"slide\"><div class=\"swiper-slide-bg\" role=\"img\"><\/div><a class=\"swiper-slide-inner\" href=\"https:\/\/www.flexivelpu.com.br\/\" target=\"_blank\"><div class=\"swiper-slide-contents\"><\/div><\/a><\/div><div class=\"elementor-repeater-item-4305fb0 swiper-slide\" role=\"group\" aria-roledescription=\"slide\"><div class=\"swiper-slide-bg\" role=\"img\"><\/div><a class=\"swiper-slide-inner\" href=\"http:\/\/texiglass.com.br\/\" target=\"_blank\"><div class=\"swiper-slide-contents\"><\/div><\/a><\/div><div class=\"elementor-repeater-item-9a239f6 swiper-slide\" role=\"group\" aria-roledescription=\"slide\"><div class=\"swiper-slide-bg\" role=\"img\"><\/div><a class=\"swiper-slide-inner\" href=\"https:\/\/www.huntsman.com\/\" target=\"_blank\"><div class=\"swiper-slide-contents\"><\/div><\/a><\/div><div class=\"elementor-repeater-item-03a19e5 swiper-slide\" role=\"group\" aria-roledescription=\"slide\"><div class=\"swiper-slide-bg\" role=\"img\"><\/div><a class=\"swiper-slide-inner\" href=\"https:\/\/www.abcol.com.br\/\" target=\"_blank\"><div class=\"swiper-slide-contents\"><\/div><\/a><\/div><div class=\"elementor-repeater-item-a05d3a4 swiper-slide\" role=\"group\" aria-roledescription=\"slide\"><div class=\"swiper-slide-bg\" role=\"img\"><\/div><a class=\"swiper-slide-inner\" href=\"https:\/\/www.mcassab.com.br\/\" target=\"_blank\"><div class=\"swiper-slide-contents\"><\/div><\/a><\/div><div class=\"elementor-repeater-item-9d63db0 swiper-slide\" role=\"group\" aria-roledescription=\"slide\"><div class=\"swiper-slide-bg\" role=\"img\"><\/div><a class=\"swiper-slide-inner\" href=\"https:\/\/www.mvpind.com\/\" target=\"_blank\"><div class=\"swiper-slide-contents\"><\/div><\/a><\/div><div class=\"elementor-repeater-item-7d440d1 swiper-slide\" role=\"group\" aria-roledescription=\"slide\"><div class=\"swiper-slide-bg\" role=\"img\"><\/div><a class=\"swiper-slide-inner\" href=\"https:\/\/www.vifiber.com.br\/\" target=\"_blank\"><div class=\"swiper-slide-contents\"><\/div><\/a><\/div><div class=\"elementor-repeater-item-5c5e357 swiper-slide\" role=\"group\" aria-roledescription=\"slide\"><div class=\"swiper-slide-bg\" role=\"img\"><\/div><a class=\"swiper-slide-inner\" href=\"https:\/\/www.amino.com.br\/\" target=\"_blank\"><div class=\"swiper-slide-contents\"><\/div><\/a><\/div><div class=\"elementor-repeater-item-6291e27 swiper-slide\" role=\"group\" aria-roledescription=\"slide\"><div class=\"swiper-slide-bg\" role=\"img\"><\/div><a class=\"swiper-slide-inner\" href=\"https:\/\/www.purcom.com.br\/\" target=\"_blank\"><div class=\"swiper-slide-contents\"><\/div><\/a><\/div><div class=\"elementor-repeater-item-66fd0bd swiper-slide\" role=\"group\" aria-roledescription=\"slide\"><div class=\"swiper-slide-bg\" role=\"img\"><\/div><a class=\"swiper-slide-inner\" href=\"https:\/\/www.univarsolutions.com\/\" target=\"_blank\"><div class=\"swiper-slide-contents\"><\/div><\/a><\/div><div class=\"elementor-repeater-item-45860c7 swiper-slide\" role=\"group\" aria-roledescription=\"slide\"><div class=\"swiper-slide-bg\" role=\"img\"><\/div><a class=\"swiper-slide-inner\" href=\"https:\/\/lanxess.com.br\/pt\/home\/\" target=\"_blank\"><div class=\"swiper-slide-contents\"><\/div><\/a><\/div>\t\t\t\t<\/div>\n\t\t\t\t\t\t\t\t\t\t\t\t\t\t\t<div class=\"elementor-swiper-button elementor-swiper-button-prev\" role=\"button\" tabindex=\"0\" aria-label=\"Slide anterior\">\n\t\t\t\t\t\t\t<svg aria-hidden=\"true\" class=\"e-font-icon-svg e-eicon-chevron-left\" viewBox=\"0 0 1000 1000\" xmlns=\"http:\/\/www.w3.org\/2000\/svg\"><path d=\"M646 125C629 125 613 133 604 142L308 442C296 454 292 471 292 487 292 504 296 521 308 533L604 854C617 867 629 875 646 875 663 875 679 871 692 858 704 846 713 829 713 812 713 796 708 779 692 767L438 487 692 225C700 217 708 204 708 187 708 171 704 154 692 142 675 129 663 125 646 125Z\"><\/path><\/svg>\t\t\t\t\t\t<\/div>\n\t\t\t\t\t\t<div class=\"elementor-swiper-button elementor-swiper-button-next\" role=\"button\" tabindex=\"0\" aria-label=\"Pr\u00f3ximo slide\">\n\t\t\t\t\t\t\t<svg aria-hidden=\"true\" class=\"e-font-icon-svg e-eicon-chevron-right\" viewBox=\"0 0 1000 1000\" xmlns=\"http:\/\/www.w3.org\/2000\/svg\"><path d=\"M696 533C708 521 713 504 713 487 713 471 708 454 696 446L400 146C388 133 375 125 354 125 338 125 325 129 313 142 300 154 292 171 292 187 292 204 296 221 308 233L563 492 304 771C292 783 288 800 288 817 288 833 296 850 308 863 321 871 338 875 354 875 371 875 388 867 400 854L696 533Z\"><\/path><\/svg>\t\t\t\t\t\t<\/div>\n\t\t\t\t\t\t\t\t\t\t\t\t\t\t\t\t<div class=\"swiper-pagination\"><\/div>\n\t\t\t\t\t\t\t\t\t\t\t\t<\/div>\n\t\t\t\t<\/div>\n\t\t\t\t\t\t\t\t<\/div>\n\t\t\t\t<\/div>\n\t\t\t\t\t<\/div>\n\t\t<\/div>\n\t\t\t\t<div class=\"elementor-column elementor-col-50 elementor-top-column elementor-element elementor-element-59b586dd\" data-id=\"59b586dd\" data-element_type=\"column\" data-e-type=\"column\">\n\t\t\t<div class=\"elementor-widget-wrap elementor-element-populated\">\n\t\t\t\t\t\t<div class=\"elementor-element elementor-element-5bc491d8 elementor-cta--skin-cover elementor-cta--valign-middle elementor-animated-content elementor-bg-transform elementor-bg-transform-zoom-in elementor-widget elementor-widget-call-to-action\" data-id=\"5bc491d8\" data-element_type=\"widget\" data-e-type=\"widget\" data-widget_type=\"call-to-action.default\">\n\t\t\t\t<div class=\"elementor-widget-container\">\n\t\t\t\t\t\t\t<div class=\"elementor-cta\">\n\t\t\t\t\t<div class=\"elementor-cta__bg-wrapper\">\n\t\t\t\t<div class=\"elementor-cta__bg elementor-bg\" style=\"background-image: url(https:\/\/feiplar.com\/Presencial\/wp-content\/uploads\/2022\/06\/760x450-300x178.png);\" role=\"img\" aria-label=\"760x450\"><\/div>\n\t\t\t\t<div class=\"elementor-cta__bg-overlay\"><\/div>\n\t\t\t<\/div>\n\t\t\t\t\t\t\t<div class=\"elementor-cta__content\">\n\t\t\t\t\n\t\t\t\t\t\t\t\t\t<h2 class=\"elementor-cta__title elementor-cta__content-item elementor-content-item elementor-animated-item--grow\">\n\t\t\t\t\t\tFA\u00c7A SUA INSCRI\u00c7\u00c3O GRATUITA\t\t\t\t\t<\/h2>\n\t\t\t\t\n\t\t\t\t\n\t\t\t\t\t\t\t\t\t<div class=\"elementor-cta__button-wrapper elementor-cta__content-item elementor-content-item elementor-animated-item--grow\">\n\t\t\t\t\t<a class=\"elementor-cta__button elementor-button elementor-size-xl\" href=\"https:\/\/easyeventos.com.br\/v3\/feiplarefeipur\/22\/indvis\">\n\t\t\t\t\t\tCLIQUE AQUI\t\t\t\t\t<\/a>\n\t\t\t\t\t<\/div>\n\t\t\t\t\t\t\t<\/div>\n\t\t\t\t\t\t<\/div>\n\t\t\t\t\t\t<\/div>\n\t\t\t\t<\/div>\n\t\t\t\t\t<\/div>\n\t\t<\/div>\n\t\t\t\t\t<\/div>\n\t\t<\/section>\n\t\t\t\t<section class=\"elementor-section elementor-top-section elementor-element elementor-element-4d8a6b2 elementor-section-boxed elementor-section-height-default elementor-section-height-default wpr-particle-no wpr-jarallax-no wpr-parallax-no wpr-sticky-section-no\" data-id=\"4d8a6b2\" data-element_type=\"section\" data-e-type=\"section\">\n\t\t\t\t\t\t<div class=\"elementor-container elementor-column-gap-default\">\n\t\t\t\t\t<div class=\"elementor-column elementor-col-100 elementor-top-column elementor-element elementor-element-27d3f94\" data-id=\"27d3f94\" data-element_type=\"column\" data-e-type=\"column\">\n\t\t\t<div class=\"elementor-widget-wrap elementor-element-populated\">\n\t\t\t\t\t\t<div class=\"elementor-element elementor-element-b58d259 elementor-widget elementor-widget-image\" data-id=\"b58d259\" data-element_type=\"widget\" data-e-type=\"widget\" data-widget_type=\"image.default\">\n\t\t\t\t<div class=\"elementor-widget-container\">\n\t\t\t\t\t\t\t\t\t\t\t\t\t\t\t<img fetchpriority=\"high\" decoding=\"async\" width=\"1024\" height=\"554\" src=\"https:\/\/feiplar.com\/Presencial\/wp-content\/uploads\/2022\/06\/saneamento-1024x554.png\" class=\"attachment-large size-large wp-image-1641\" alt=\"\" srcset=\"https:\/\/feiplar.com\/Presencial\/wp-content\/uploads\/2022\/06\/saneamento-1024x554.png 1024w, https:\/\/feiplar.com\/Presencial\/wp-content\/uploads\/2022\/06\/saneamento-300x162.png 300w, https:\/\/feiplar.com\/Presencial\/wp-content\/uploads\/2022\/06\/saneamento-768x416.png 768w, https:\/\/feiplar.com\/Presencial\/wp-content\/uploads\/2022\/06\/saneamento.png 1201w\" sizes=\"(max-width: 1024px) 100vw, 1024px\" \/>\t\t\t\t\t\t\t\t\t\t\t\t\t\t\t<\/div>\n\t\t\t\t<\/div>\n\t\t\t\t\t<\/div>\n\t\t<\/div>\n\t\t\t\t\t<\/div>\n\t\t<\/section>\n\t\t\t\t<section class=\"elementor-section elementor-top-section elementor-element elementor-element-1dcb5f4 elementor-section-boxed elementor-section-height-default elementor-section-height-default wpr-particle-no wpr-jarallax-no wpr-parallax-no wpr-sticky-section-no\" data-id=\"1dcb5f4\" data-element_type=\"section\" data-e-type=\"section\">\n\t\t\t\t\t\t<div class=\"elementor-container elementor-column-gap-default\">\n\t\t\t\t\t<div class=\"elementor-column elementor-col-100 elementor-top-column elementor-element elementor-element-fb479a9\" data-id=\"fb479a9\" data-element_type=\"column\" data-e-type=\"column\">\n\t\t\t<div class=\"elementor-widget-wrap elementor-element-populated\">\n\t\t\t\t\t\t<div class=\"elementor-element elementor-element-9ac14be elementor-widget elementor-widget-text-editor\" data-id=\"9ac14be\" data-element_type=\"widget\" data-e-type=\"widget\" data-widget_type=\"text-editor.default\">\n\t\t\t\t<div class=\"elementor-widget-container\">\n\t\t\t\t\t\t\t\t\t<h1 style=\"font-weight: 400;\"><span style=\"color: var( --e-global-color-text ); font-family: var( --e-global-typography-text-font-family ), Sans-serif;\">\u00a0<\/span><strong style=\"color: var( --e-global-color-text ); font-family: var( --e-global-typography-text-font-family ), Sans-serif;\">Painel Saneamento B\u00e1sico &#038; Ambientes Agressivos<\/strong><\/h1>\n<p style=\"font-weight: 400;\">Durante a <strong>FEIPLAR COMPOSITES &amp; FEIPUR 2022<\/strong> ser\u00e3o realizados os <strong>Pain\u00e9is Setoriais<\/strong>, que s\u00e3o semin\u00e1rios t\u00e9cnicos com o objetivo de apresentar as melhores e mais novas solu\u00e7\u00f5es em composites, poliuretano, pl\u00e1sticos de engenharia e compostos termopl\u00e1sticos para diversos mercados. Um destes mercados \u00e9 o de tecnologias para <strong>Saneamento B\u00e1sico &#038; Ambientes Agressivos<\/strong>. Este evento ter\u00e1 cerca de sete palestras, que abordar\u00e3o a contribui\u00e7\u00e3o dos pl\u00e1sticos de alta performance para este setor.<\/p>\n<p style=\"font-weight: 400;\">Os materiais expostos no evento (composites, poliuretanos, pl\u00e1sticos de engenharia e compostos termopl\u00e1sticos) s\u00e3o de grande utilidade nos equipamentos e infraestrutura do setor de <strong>Saneamento b\u00e1sico &#038; ambientes agressivos<\/strong>, devido a diversos fatores como capacidade de fabrica\u00e7\u00e3o de pe\u00e7as sem emendas\/jun\u00e7\u00f5es, facilidade de limpeza em virtude de superf\u00edcies lisas, leveza, resist\u00eancias mec\u00e2nica e qu\u00edmica, flexibilidade de projeto, resist\u00eancia a intemp\u00e9ries e temperatura, entre outras, e est\u00e3o cada vez mais presentes nos novos projetos e nos programas de manuten\u00e7\u00f5es.<\/p>\n<p style=\"font-weight: 400;\">A programa\u00e7\u00e3o estar\u00e1 dispon\u00edvel em breve. Para participar gratuitamente, basta clicar <a href=\"https:\/\/easyeventos.com.br\/v3\/feiplarefeipur\/22\/indvis\" target=\"_blank\" rel=\"noopener\">aqui<\/a>.<\/p>\n<p style=\"font-weight: 400;\">Al\u00e9m das palestras, com o objetivo de auxiliar essa ind\u00fastria a entender melhor o desempenho t\u00e9cnico dos pl\u00e1sticos de desempenho diferenciado, estamos organizando a Rodada de Neg\u00f3cios com marca\u00e7\u00e3o de reuni\u00f5es entre engenheiros de projeto, manuten\u00e7\u00e3o e conserva\u00e7\u00e3o urbana, projetistas de construtoras especializadas nesse mercado, fabricantes de equipamentos focados nesse segmento, profissionais de entidades de pesquisa, ensaios e normatiza\u00e7\u00e3o, e expositores fornecedores de mat\u00e9rias-primas e equipamentos.<\/p>\n<p style=\"font-weight: 400;\">As reuni\u00f5es ser\u00e3o agendadas para o per\u00edodo do evento (dias 16, 17 e 18 de agosto), e n\u00e3o h\u00e1 nenhum custo de participa\u00e7\u00e3o. Para agendar, basta clicar <a href=\"https:\/\/feiplar.com\/agendamento\/\" target=\"_blank\" rel=\"noopener\">aqui<\/a>.<\/p>\n<p style=\"font-weight: 400;\">Qualquer d\u00favida, nos contate pelo email <a href=\"mailto:eventos03@artsim.com.br\" target=\"_blank\" rel=\"noopener\">eventos03@artsim.com.br<\/a> ou tel.\/whatsapp <a href=\"https:\/\/wa.me\/5511996790510\" target=\"_blank\" rel=\"noopener\">55 11 99679-0510<\/a><\/p>\t\t\t\t\t\t\t\t<\/div>\n\t\t\t\t<\/div>\n\t\t\t\t\t<\/div>\n\t\t<\/div>\n\t\t\t\t\t<\/div>\n\t\t<\/section>\n\t\t\t\t<\/div>\n\t\t","protected":false},"excerpt":{"rendered":"<p>Previous Next FA\u00c7A SUA INSCRI\u00c7\u00c3O GRATUITA CLIQUE AQUI \u00a0Painel Saneamento B\u00e1sico &#038; Ambientes Agressivos Durante a FEIPLAR COMPOSITES &amp; FEIPUR 2022 ser\u00e3o realizados os Pain\u00e9is Setoriais, que s\u00e3o semin\u00e1rios t\u00e9cnicos com o objetivo de apresentar as melhores e mais novas solu\u00e7\u00f5es em composites, poliuretano, pl\u00e1sticos de engenharia e compostos termopl\u00e1sticos para diversos mercados. Um destes mercados \u00e9 o de tecnologias para Saneamento B\u00e1sico &#038; Ambientes Agressivos. Este evento ter\u00e1 cerca de sete palestras, que abordar\u00e3o a contribui\u00e7\u00e3o dos pl\u00e1sticos de alta performance para este setor. Os materiais expostos no evento (composites, poliuretanos, pl\u00e1sticos de engenharia e compostos termopl\u00e1sticos) s\u00e3o de grande utilidade nos equipamentos e infraestrutura do setor de Saneamento b\u00e1sico &#038; ambientes agressivos, devido a diversos fatores como capacidade de fabrica\u00e7\u00e3o de pe\u00e7as sem emendas\/jun\u00e7\u00f5es, facilidade de limpeza em virtude de superf\u00edcies lisas, leveza, resist\u00eancias mec\u00e2nica e qu\u00edmica, flexibilidade de projeto, resist\u00eancia a intemp\u00e9ries e temperatura, entre outras, e est\u00e3o cada vez mais presentes nos novos projetos e nos programas de manuten\u00e7\u00f5es. A programa\u00e7\u00e3o estar\u00e1 dispon\u00edvel em breve. Para participar gratuitamente, basta clicar aqui. Al\u00e9m das palestras, com o objetivo de auxiliar essa ind\u00fastria a entender melhor o desempenho t\u00e9cnico dos pl\u00e1sticos de desempenho diferenciado, estamos organizando a Rodada de Neg\u00f3cios com marca\u00e7\u00e3o de reuni\u00f5es entre engenheiros de projeto, manuten\u00e7\u00e3o e conserva\u00e7\u00e3o urbana, projetistas de construtoras especializadas nesse mercado, fabricantes de equipamentos focados nesse segmento, profissionais de entidades de pesquisa, ensaios e normatiza\u00e7\u00e3o, e expositores fornecedores de mat\u00e9rias-primas e equipamentos. As reuni\u00f5es ser\u00e3o agendadas para o per\u00edodo do evento (dias 16, 17 e 18 de agosto), e n\u00e3o h\u00e1 nenhum custo de participa\u00e7\u00e3o. Para agendar, basta clicar aqui. Qualquer d\u00favida, nos contate pelo email eventos03@artsim.com.br ou tel.\/whatsapp 55 11 99679-0510<\/p>\n","protected":false},"author":1,"featured_media":0,"parent":0,"menu_order":0,"comment_status":"closed","ping_status":"closed","template":"","meta":{"footnotes":""},"class_list":["post-1637","page","type-page","status-publish","hentry"],"_links":{"self":[{"href":"https:\/\/feiplar.com\/Presencial\/wp-json\/wp\/v2\/pages\/1637","targetHints":{"allow":["GET"]}}],"collection":[{"href":"https:\/\/feiplar.com\/Presencial\/wp-json\/wp\/v2\/pages"}],"about":[{"href":"https:\/\/feiplar.com\/Presencial\/wp-json\/wp\/v2\/types\/page"}],"author":[{"embeddable":true,"href":"https:\/\/feiplar.com\/Presencial\/wp-json\/wp\/v2\/users\/1"}],"replies":[{"embeddable":true,"href":"https:\/\/feiplar.com\/Presencial\/wp-json\/wp\/v2\/comments?post=1637"}],"version-history":[{"count":7,"href":"https:\/\/feiplar.com\/Presencial\/wp-json\/wp\/v2\/pages\/1637\/revisions"}],"predecessor-version":[{"id":1648,"href":"https:\/\/feiplar.com\/Presencial\/wp-json\/wp\/v2\/pages\/1637\/revisions\/1648"}],"wp:attachment":[{"href":"https:\/\/feiplar.com\/Presencial\/wp-json\/wp\/v2\/media?parent=1637"}],"curies":[{"name":"wp","href":"https:\/\/api.w.org\/{rel}","templated":true}]}}